of 6?
False
Is 1762 a factor of 614941524?
True
Is 286 a factor of 52957755?
False
Is 4 a factor of 349984208?
True
Is 334 a factor of 1110056682?
True
Is 42664397 a multiple of 322?
False
Is 5111781616 a multiple of 16?
True
Is 22 a factor of 2530429308?
True
Does 1655 divide 683193930?
True
Is 146 a factor of 1038035618?
True
Is 9775205 a multiple of 64?
False
Is 534 a factor of 54387900?
True
Is 2607094728 a multiple of 19?
True
Is 1356702816 a multiple of 238?
True
Does 11 divide 117362630?
True
Is 556 a factor of 2826704?
True
Is 5 a factor of 1728164795?
True
Is 49998 a multiple of 3?
True
Is 145705895 a multiple of 5?
True
Is 1134024650 a multiple of 89?
True
Does 987 divide 300916560?
True
Is 63366534 a multiple of 9?
True
Is 770350332 a multiple of 5638?
False
Is 13 a factor of 574581540?
True
Is 533901579 a multiple of 1039?
True
Is 4543945965 a multiple of 1755?
True
Is 167757417 a multiple of 489?
False
Is 886 a factor of 282420474?
True
Is 11078592 a multiple of 56?
True
Is 1177870087 a multiple of 20?
False
Is 1367640510 a multiple of 669?
False
Is 587 a factor of 1309967319?
False
Is 641885382 a multiple of 18?
True
Is 28 a factor of 30497446?
False
Does 471 divide 9559887?
True
Does 704 divide 24726171?
False
Does 19 divide 309695013?
False
Is 22441980 a multiple of 457?
False
Does 41 divide 5671013892?
True
Is 486 a factor of 421394562?
True
Does 1358 divide 12535698?
True
Does 134 divide 447662778?
True
Is 5218248 a multiple of 528?
False
Is 1773830357 a multiple of 221?
False
Is 22 a factor of 201423574?
True
Is 916215680 a multiple of 17?
True
Is 3562231815 a multiple of 1734?
False
Is 3 a factor of 33006657?
True
Is 318300819 a multiple of 188?
False
Is 768 a factor of 31124432?
False
Is 14334289 a multiple of 706?
False
Is 181 a factor of 6085039?
True
Is 1028435056 a multiple of 1744?
True
Is 252 a factor of 639252502?
False
Is 365 a factor of 222276642?
False
Is 114615026 a multiple of 2507?
True
Is 146 a factor of 47789596?
True
Is 65388999 a multiple of 7?
False
Is 135 a factor of 23825574?
False
Does 123 divide 758934477?
True
Is 593 a factor of 79228358?
True
Is 930 a factor of 381501810?
True
Is 3 a factor of 479709?
True
Is 18075117 a multiple of 1020?
False
Is 1445 a factor of 168393486?
False
Does 78 divide 40417527?
False
Is 25 a factor of 172812650?
True
Is 415 a factor of 891029070?
True
Is 312060776 a multiple of 31?
False
Does 85 divide 5604305?
True
Does 88 divide 29696496?
False
Is 542 a factor of 142588818?
True
Is 86 a factor of 248245450?
True
Does 121 divide 336978639?
False
Is 267 a factor of 40489122?
False
Is 43600650 a multiple of 76?
False
Is 267 a factor of 4171074?
True
Is 7 a factor of 237934242?
True
Is 216900382 a multiple of 6298?
False
Is 131 a factor of 12623422?
True
Does 1602 divide 75367692?
True
Is 30369482 a multiple of 1523?
False
Is 36 a factor of 152420464?
False
Is 2797 a factor of 1521696084?
False
Is 1196 a factor of 311323696?
False
Is 17 a factor of 295227663?
False
Does 9 divide 8822340?
True
Is 119009080 a multiple of 40?
True
Is 57 a factor of 5064687348?
True
Is 1082 a factor of 8030996766?
True
Is 8893025 a multiple of 1985?
False
Is 139660278 a multiple of 3?
True
Does 2701 divide 3111042?
False
Does 46 divide 342801706?
True
Is 21536705 a multiple of 11?
False
Does 86 divide 1061699231?
False
Is 559 a factor of 27420068?
True
Does 174 divide 563712381?
False
Does 2537 divide 73763275?
True
Is 63340464 a multiple of 33?
True
Does 7 divide 10571416?
False
Is 21819024 a multiple of 18?
True
Is 316323712 a multiple of 128?
True
Does 751 divide 507867245?
False
Is 44 a factor of 38429745?
False
Is 210 a factor of 297890460?
True
Does 21 divide 670426061?
False
Is 2562 a factor of 112397910?
False
Does 213 divide 30225481?
False
Is 13 a factor of 20334370?
False
Is 13200146 a multiple of 43?
False
Does 3 divide 114680511?
True
Is 17541303 a multiple of 11?
False
Does 4289 divide 1068407056?
True
Is 23595218 a multiple of 554?
False
Is 2478 a factor of 42323545?
False
Is 7675176 a multiple of 498?
True
Is 923044512 a multiple of 5321?
True
Is 321002568 a multiple of 76?
True
Does 7 divide 339537870?
True
Does 249 divide 574031470?
False
Is 32199151 a multiple of 2560?
False
Is 17289322 a multiple of 1955?
False
Does 64 divide 505468672?
True
Is 12 a factor of 1833719641?
False
Is 355242926 a multiple of 12?
False
Does 169 divide 974566047?
True
Does 24 divide 964096728?
True
Is 73 a factor of 309441186?
False
Does 3 divide 37554350?
False
Is 2504781480 a multiple of 60?
True
Is 431960566 a multiple of 770?
False
Does 4212 divide 299005668?
True
Is 1039336562 a multiple of 831?
False
Does 326 divide 17808049?
False
Is 41536712 a multiple of 68?
True
Is 4 a factor of 1412203220?
True
Is 49 a factor of 26468673?
True
Does 4 divide 135437732?
True
Does 26 divide 1278269798?
True
Is 1453624704 a multiple of 5369?
False
Is 2 a factor of 533915?
False
Does 8 divide 451757960?
True
Is 24785425 a multiple of 47?
False
Is 117 a factor of 1713860?
False
Is 1377624204 a multiple of 12?
True
Is 5803 a factor of 352468776?
False
Does 13 divide 21029216?
True
Does 36 divide 150461413?
False
Is 54322393 a multiple of 828?
False
Does 115 divide 21609420?
True
Is 21639686 a multiple of 272?
False
Does 142 divide 688301548?
True
Is 34343184 a multiple of 152?
True
Is 145043568 a multiple of 3448?
True
Is 124 a factor of 37460525?
False
Does 14 divide 2894585904?
True
Is 41 a factor of 19944716?
False
Is 24436616 a multiple of 376?
True
Does 13 divide 2000066?
False
Is 1602 a factor of 479861478?
True
Is 15 a factor of 323133720?
True
Does 560 divide 63947513?
False
Is 13 a factor of 14957080?
False
Is 6495039 a multiple of 621?
True
Is 12 a factor of 57208264?
False
Is 244285236 a multiple of 2587?
True
Is 629 a factor of 25573882?
True
Does 176 divide 80357024?
True
Is 13115432 a multiple of 121?
True
Is 72 a factor of 56180880?
True
Does 81 divide 8072053?
False
Does 1118 divide 45422453?
False
Is 5314193637 a multiple of 79?
False
Is 2447 a factor of 28301467?
False
Does 1461 divide 616157252?
False
Is 99384075 a multiple of 514?
False
Does 769 divide 89762813?
False
Is 182 a factor of 247268294?
True
Does 174 divide 7502462?
False
Is 27 a factor of 65317231?
False
Is 43382798 a multiple of 179?
True
Is 338747404 a multiple of 92?
True
Does 11 divide 8498109?
False
Does 634 divide 277770694?
False
Is 48505547 a multiple of 127?
False
Is 2948345357 a multiple of 12?
False
Does 71 divide 61199930?
False
Is 460071974 a multiple of 50?
False
Is 607 a factor of 952149305?
True
Is 27005452 a multiple of 1636?
True
Is 53 a factor of 201106804?
True
Is 22 a factor of 4150213716?
True
Is 1660 a factor of 1775306920?
True
Does 108 divide 19465704?
True
Is 193756202 a multiple of 14?
False
Does 119 divide 440062223?
False
Does 685 divide 3093099?
False
Is 7620892 a multiple of 356?
True
Does 2390 divide 12810400?
True
Is 12671696 a multiple of 457?
True
Is 26978499 a multiple of 177?
False
Is 59 a factor of 977608996?
True
Is 3 a factor of 12185139?
True
Does 20 divide 1125059?
False
Is 3820758 a multiple of 2?
True
Is 1554 a factor of 341604942?
True
Does 11 divide 762029444?
True
Is 3754901543 a multiple of 61?
True
Is 2918210 a multiple of 10?
True
Is 5446180 a multiple of 20?
True
Is 312 a factor of 915523752?
True
Does 6747 divide 717293811?
True
Does 465 divide 882900615?
True
Is 300 a factor of 32393100?
True
Is 3983 a factor of 554626353?
False
Is 123 a factor of 9489327?
True
Does 653 divide 287867393?
False
Is 992884 a multiple of 2?
True
Is 42 a factor of 2646812826?
True
Does 158 divide 35613832?
True
Is 637 a factor of 58847380?
False
Is 1312 a factor of 776710899?
False
Does 3872 divide 93438319?
False
Does 97 divide 2148635166?
True
Is 288737400 a multiple of 1281?
True
Is 367 a factor of 76347050?
False
Is 198353223 a multiple of 7?
False
Is 111 a factor of 106827732?
True
Is 117 a factor of 55107702?
True
Is 26 a factor of 193242036?
True
Is 146 a factor of 889920975?
False
Does 32 divide 447644576?
True
Is 757728600 a multiple of 12?
True
Is 15 a factor of 69057412?
False
Does 2009 divide 78079785?
True
Does 823 divide 45793090?
False
Is 11 a factor of 2180240736?
False
Is 145 a 